{"id":72,"date":"2020-06-02T09:36:54","date_gmt":"2020-06-02T07:36:54","guid":{"rendered":"https:\/\/octaedro.com\/octaedro-infantil\/producto\/import-placeholder-for-17364\/"},"modified":"2020-06-02T11:57:11","modified_gmt":"2020-06-02T09:57:11","slug":"vivir-las-matematicas","status":"publish","type":"product","link":"https:\/\/octaedro.com\/octaedro-infantil\/producto\/vivir-las-matematicas\/","title":{"rendered":"Vivir las matem\u00e1ticas"},"content":{"rendered":"<p>Las matem\u00e1ticas en la vida cotidiana de los ni\u00f1os y ni\u00f1as y los juegos matem\u00e1ticos en la escuela conforman el enfoque del libro, y permiten conocer, y sobre todo descubrir, a partir de las m\u00faltiples actividades posibles, los diversos conceptos matem\u00e1ticos que los ni\u00f1os de estas edades pueden hacer suyos.<br \/>\nLa autora nos muestra a un ni\u00f1o capaz, lleno de recursos y de intereses por aprender, un aprender sobre el que siempre quedan interrogantes, sobre c\u00f3mo aprende, y sobre qu\u00e9 o de qui\u00e9n aprende. Y tambi\u00e9n nos muestra a un maestro capaz, capaz de escuchar al ni\u00f1o, de descubrir en su acci\u00f3n todo aquello que permite dar entidad y sentido al proceso de construcci\u00f3n de aprendizajes; en este contexto, de los aprendizajes matem\u00e1ticos.<br \/>\nEs un libro profundo y asequible al mismo tiempo, como el pensamiento de la autora, una maestra de maestras, que con total naturalidad y de manera excepcional combina su formaci\u00f3n en ciencias exactas con una pedagog\u00eda capaz de recoger lo mejor de la tradici\u00f3n para proyectarlo hacia el futuro.<\/p>\n","protected":false},"excerpt":{"rendered":"<p>Las matem\u00e1ticas en la vida cotidiana de los ni\u00f1os y ni\u00f1as y los juegos matem\u00e1ticos en la escuela conforman el enfoque del libro, y permiten conocer, y sobre todo descubrir, a partir de las m\u00faltiples actividades posibles, los diversos conceptos matem\u00e1ticos que los ni\u00f1os de estas edades pueden hacer suyos.<br \/>\nLa autora nos muestra a un ni\u00f1o capaz, lleno de recursos y de intereses por aprender, un aprender sobre el que siempre quedan interrogantes, sobre c\u00f3mo aprende, y sobre qu\u00e9 o de qui\u00e9n aprende. Y tambi\u00e9n nos muestra a un maestro capaz, capaz de escuchar al ni\u00f1o, de descubrir en su acci\u00f3n todo aquello que permite dar entidad y sentido al proceso de construcci\u00f3n de aprendizajes; en este contexto, de los aprendizajes matem\u00e1ticos.<br \/>\nEs un libro profundo y asequible al mismo tiempo, como el pensamiento de la autora, una maestra de maestras, que con total naturalidad y de manera excepcional combina su formaci\u00f3n en ciencias exactas con una pedagog\u00eda capaz de recoger lo mejor de la tradici\u00f3n para proyectarlo hacia el futuro.<\/p>\n","protected":false},"featured_media":102,"comment_status":"open","ping_status":"closed","template":"","meta":{"_et_pb_use_builder":"","_et_pb_old_content":"","_et_gb_content_width":""},"product_brand":[],"product_cat":[19,32],"product_tag":[27],"class_list":{"0":"post-72","1":"product","2":"type-product","3":"status-publish","4":"has-post-thumbnail","6":"product_cat-editorial-octaedro","7":"product_cat-temas-de-infancia","8":"product_tag-edicion-impresa-edicion-digital-pdf","10":"first","11":"instock","12":"shipping-taxable","13":"product-type-external"},"_links":{"self":[{"href":"https:\/\/octaedro.com\/octaedro-infantil\/wp-json\/wp\/v2\/product\/72","targetHints":{"allow":["GET"]}}],"collection":[{"href":"https:\/\/octaedro.com\/octaedro-infantil\/wp-json\/wp\/v2\/product"}],"about":[{"href":"https:\/\/octaedro.com\/octaedro-infantil\/wp-json\/wp\/v2\/types\/product"}],"replies":[{"embeddable":true,"href":"https:\/\/octaedro.com\/octaedro-infantil\/wp-json\/wp\/v2\/comments?post=72"}],"wp:featuredmedia":[{"embeddable":true,"href":"https:\/\/octaedro.com\/octaedro-infantil\/wp-json\/wp\/v2\/media\/102"}],"wp:attachment":[{"href":"https:\/\/octaedro.com\/octaedro-infantil\/wp-json\/wp\/v2\/media?parent=72"}],"wp:term":[{"taxonomy":"product_brand","embeddable":true,"href":"https:\/\/octaedro.com\/octaedro-infantil\/wp-json\/wp\/v2\/product_brand?post=72"},{"taxonomy":"product_cat","embeddable":true,"href":"https:\/\/octaedro.com\/octaedro-infantil\/wp-json\/wp\/v2\/product_cat?post=72"},{"taxonomy":"product_tag","embeddable":true,"href":"https:\/\/octaedro.com\/octaedro-infantil\/wp-json\/wp\/v2\/product_tag?post=72"}],"curies":[{"name":"wp","href":"https:\/\/api.w.org\/{rel}","templated":true}]}}