{"id":64,"date":"2020-06-02T09:36:53","date_gmt":"2020-06-02T07:36:53","guid":{"rendered":"https:\/\/octaedro.com\/octaedro-infantil\/producto\/import-placeholder-for-16990\/"},"modified":"2020-06-02T11:57:16","modified_gmt":"2020-06-02T09:57:16","slug":"la-educacion-infantil-como-tarea-de-maestras","status":"publish","type":"product","link":"https:\/\/octaedro.com\/octaedro-infantil\/producto\/la-educacion-infantil-como-tarea-de-maestras\/","title":{"rendered":"La educaci\u00f3n infantil como tarea de maestras"},"content":{"rendered":"<p>Hace m\u00e1s de un siglo, la educaci\u00f3n infantil representa un desaf\u00edo hist\u00f3rico a confrontar desde las escuelas para dar respuesta a las necesidades de una sociedad en desarrollo y crecimiento democr\u00e1tico. Garantizar las condiciones de vida de ni\u00f1as y ni\u00f1os, su salud f\u00edsica y ps\u00edquica, su crecimiento social, su seguridad afectiva, emocional, cultural y moral, son todos ellos aspectos que justifican una verdadera educaci\u00f3n infantil para todas y todos. Para conseguir esto, corresponder\u00e1 atender la formaci\u00f3n oportuna de profesionales reflexivas y conocedoras de su pr\u00e1ctica, capaces de actuar en situaciones de empat\u00eda, equilibrio y autonom\u00eda educativa, pero tambi\u00e9n, capaces de valorar, autoconstruir, evaluar, investigar e innovar. Desde estas perspectivas, lo que m\u00e1s se impone es contemplar como variables de formaci\u00f3n el trabajo cooperativo, la cultura de colaboraci\u00f3n, el contexto, los procesos de cambio, la diversidad de estrategias de ense\u00f1anza, la evoluci\u00f3n del conocimiento, el valor moral de la educaci\u00f3n, y c\u00f3mo no, el \u00e1mbito condicionado y condicionante de la feminizaci\u00f3n profesional en todas sus implicaciones.<\/p>\n","protected":false},"excerpt":{"rendered":"<p>Hace m\u00e1s de un siglo, la educaci\u00f3n infantil representa un desaf\u00edo hist\u00f3rico a confrontar desde las escuelas para dar respuesta a las necesidades de una sociedad en desarrollo y crecimiento democr\u00e1tico. Garantizar las condiciones de vida de ni\u00f1as y ni\u00f1os, su salud f\u00edsica y ps\u00edquica, su crecimiento social, su seguridad afectiva, emocional, cultural y moral, son todos ellos aspectos que justifican una verdadera educaci\u00f3n infantil para todas y todos. Para conseguir esto, corresponder\u00e1 atender la formaci\u00f3n oportuna de profesionales reflexivas y conocedoras de su pr\u00e1ctica, capaces de actuar en situaciones de empat\u00eda, equilibrio y autonom\u00eda educativa, pero tambi\u00e9n, capaces de valorar, autoconstruir, evaluar, investigar e innovar. Desde estas perspectivas, lo que m\u00e1s se impone es contemplar como variables de formaci\u00f3n el trabajo cooperativo, la cultura de colaboraci\u00f3n, el contexto, los procesos de cambio, la diversidad de estrategias de ense\u00f1anza, la evoluci\u00f3n del conocimiento, el valor moral de la educaci\u00f3n, y c\u00f3mo no, el \u00e1mbito condicionado y condicionante de la feminizaci\u00f3n profesional en todas sus implicaciones.<\/p>\n","protected":false},"featured_media":94,"comment_status":"open","ping_status":"closed","template":"","meta":{"_et_pb_use_builder":"","_et_pb_old_content":"","_et_gb_content_width":""},"product_brand":[],"product_cat":[19,22],"product_tag":[25],"class_list":{"0":"post-64","1":"product","2":"type-product","3":"status-publish","4":"has-post-thumbnail","6":"product_cat-editorial-octaedro","7":"product_cat-libros-para-profesorado-y-profesionales","8":"product_tag-edicion-impresa","10":"first","11":"instock","12":"shipping-taxable","13":"product-type-external"},"_links":{"self":[{"href":"https:\/\/octaedro.com\/octaedro-infantil\/wp-json\/wp\/v2\/product\/64","targetHints":{"allow":["GET"]}}],"collection":[{"href":"https:\/\/octaedro.com\/octaedro-infantil\/wp-json\/wp\/v2\/product"}],"about":[{"href":"https:\/\/octaedro.com\/octaedro-infantil\/wp-json\/wp\/v2\/types\/product"}],"replies":[{"embeddable":true,"href":"https:\/\/octaedro.com\/octaedro-infantil\/wp-json\/wp\/v2\/comments?post=64"}],"wp:featuredmedia":[{"embeddable":true,"href":"https:\/\/octaedro.com\/octaedro-infantil\/wp-json\/wp\/v2\/media\/94"}],"wp:attachment":[{"href":"https:\/\/octaedro.com\/octaedro-infantil\/wp-json\/wp\/v2\/media?parent=64"}],"wp:term":[{"taxonomy":"product_brand","embeddable":true,"href":"https:\/\/octaedro.com\/octaedro-infantil\/wp-json\/wp\/v2\/product_brand?post=64"},{"taxonomy":"product_cat","embeddable":true,"href":"https:\/\/octaedro.com\/octaedro-infantil\/wp-json\/wp\/v2\/product_cat?post=64"},{"taxonomy":"product_tag","embeddable":true,"href":"https:\/\/octaedro.com\/octaedro-infantil\/wp-json\/wp\/v2\/product_tag?post=64"}],"curies":[{"name":"wp","href":"https:\/\/api.w.org\/{rel}","templated":true}]}}