{"id":61,"date":"2020-06-02T09:36:53","date_gmt":"2020-06-02T07:36:53","guid":{"rendered":"https:\/\/octaedro.com\/octaedro-infantil\/producto\/import-placeholder-for-16913\/"},"modified":"2020-06-02T11:57:18","modified_gmt":"2020-06-02T09:57:18","slug":"el-juego-y-el-desarrollo-infantil","status":"publish","type":"product","link":"https:\/\/octaedro.com\/octaedro-infantil\/producto\/el-juego-y-el-desarrollo-infantil\/","title":{"rendered":"El juego y el desarrollo infantil"},"content":{"rendered":"<p>En un sentido amplio, el juego se relaciona con una actitud m\u00e1s distendida y menos dram\u00e1tica que las actividades \u201cserias\u201d de nuestras vidas. En algunas etapas el juego tiene una importancia fundamental. En la infancia y la adolescencia, el juego puede tener unas consecuencias educacionales de primer orden. Como en la mayor\u00eda de las actividades de vigilia, el juego instruye y educa. El juego, y en particular el juego social que precisa del concurso coordinado de diferentes miembros, puede representar una ocasi\u00f3n \u00fanica para adquirir formas de comportamiento socializadas. El profesor Mart\u00ednez Criado destaca y sintetiza en esta obra los aspectos aplicados del juego que hoy en d\u00eda conocemos. El juego permite evaluar el grado de madurez del ni\u00f1o y el adolescente en diversos \u00e1mbitos (motricidad, inteligencia y socializaci\u00f3n) y el tratamiento de ciertos transtornos. Las actividades extraescolares, que los ni\u00f1os realizan con sus iguales de forma espont\u00e1nea o tutelada, son tratadas en esta obra con la importancia que, sin duda, merecen.<\/p>\n","protected":false},"excerpt":{"rendered":"<p>En un sentido amplio, el juego se relaciona con una actitud m\u00e1s distendida y menos dram\u00e1tica que las actividades \u201cserias\u201d de nuestras vidas. En algunas etapas el juego tiene una importancia fundamental. En la infancia y la adolescencia, el juego puede tener unas consecuencias educacionales de primer orden. Como en la mayor\u00eda de las actividades de vigilia, el juego instruye y educa. El juego, y en particular el juego social que precisa del concurso coordinado de diferentes miembros, puede representar una ocasi\u00f3n \u00fanica para adquirir formas de comportamiento socializadas. El profesor Mart\u00ednez Criado destaca y sintetiza en esta obra los aspectos aplicados del juego que hoy en d\u00eda conocemos. El juego permite evaluar el grado de madurez del ni\u00f1o y el adolescente en diversos \u00e1mbitos (motricidad, inteligencia y socializaci\u00f3n) y el tratamiento de ciertos transtornos. Las actividades extraescolares, que los ni\u00f1os realizan con sus iguales de forma espont\u00e1nea o tutelada, son tratadas en esta obra con la importancia que, sin duda, merecen.<\/p>\n","protected":false},"featured_media":91,"comment_status":"open","ping_status":"closed","template":"","meta":{"_et_pb_use_builder":"","_et_pb_old_content":"","_et_gb_content_width":""},"product_brand":[],"product_cat":[19,22],"product_tag":[27],"class_list":{"0":"post-61","1":"product","2":"type-product","3":"status-publish","4":"has-post-thumbnail","6":"product_cat-editorial-octaedro","7":"product_cat-libros-para-profesorado-y-profesionales","8":"product_tag-edicion-impresa-edicion-digital-pdf","10":"first","11":"instock","12":"shipping-taxable","13":"product-type-external"},"_links":{"self":[{"href":"https:\/\/octaedro.com\/octaedro-infantil\/wp-json\/wp\/v2\/product\/61","targetHints":{"allow":["GET"]}}],"collection":[{"href":"https:\/\/octaedro.com\/octaedro-infantil\/wp-json\/wp\/v2\/product"}],"about":[{"href":"https:\/\/octaedro.com\/octaedro-infantil\/wp-json\/wp\/v2\/types\/product"}],"replies":[{"embeddable":true,"href":"https:\/\/octaedro.com\/octaedro-infantil\/wp-json\/wp\/v2\/comments?post=61"}],"wp:featuredmedia":[{"embeddable":true,"href":"https:\/\/octaedro.com\/octaedro-infantil\/wp-json\/wp\/v2\/media\/91"}],"wp:attachment":[{"href":"https:\/\/octaedro.com\/octaedro-infantil\/wp-json\/wp\/v2\/media?parent=61"}],"wp:term":[{"taxonomy":"product_brand","embeddable":true,"href":"https:\/\/octaedro.com\/octaedro-infantil\/wp-json\/wp\/v2\/product_brand?post=61"},{"taxonomy":"product_cat","embeddable":true,"href":"https:\/\/octaedro.com\/octaedro-infantil\/wp-json\/wp\/v2\/product_cat?post=61"},{"taxonomy":"product_tag","embeddable":true,"href":"https:\/\/octaedro.com\/octaedro-infantil\/wp-json\/wp\/v2\/product_tag?post=61"}],"curies":[{"name":"wp","href":"https:\/\/api.w.org\/{rel}","templated":true}]}}