{"id":53,"date":"2020-06-02T09:36:53","date_gmt":"2020-06-02T07:36:53","guid":{"rendered":"https:\/\/octaedro.com\/octaedro-infantil\/producto\/import-placeholder-for-16617\/"},"modified":"2024-07-02T07:53:30","modified_gmt":"2024-07-02T05:53:30","slug":"el-autismo-entre-mi-hijo-y-yo","status":"publish","type":"product","link":"https:\/\/octaedro.com\/octaedro-infantil\/producto\/el-autismo-entre-mi-hijo-y-yo\/","title":{"rendered":"El autismo entre mi hijo y yo"},"content":{"rendered":"<p>\u00bfQu\u00e9 pasar\u00eda si el mundo de tu hijo y el tuyo fueran diferentes? \u00bfY si tu proyecto vital se desmoronara por completo? Joan tiene autismo y yo soy su madre. Os invito a acercaros a su mundo, a avanzar a su lado.<\/p>\n<p>Su visi\u00f3n de la vida me ha hecho replantearme la m\u00eda. Soy psiquiatra y hace pocos a\u00f1os me han diagnosticado un trastorno bipolar. S\u00ed, he tenido que sentarme al otro lado de la mesa.<\/p>\n<p>Esta es la historia de un hijo y su madre a quienes la vida decidi\u00f3 hacer \u00abdiferentes\u00bb. Aqu\u00ed est\u00e1n descritas mis vivencias, mis sentimientos, nuestra evoluci\u00f3n a lo largo de los a\u00f1os. Pero, sobre todo, esta es una historia de crecimiento personal a trav\u00e9s de las dificultades.<\/p>\n<p>Y est\u00e1 escrita, simplemente, desde el coraz\u00f3n.<\/p>\n<p><em>Eva Busquets<\/em><\/p>\n","protected":false},"excerpt":{"rendered":"<p>\u00bfQu\u00e9 pasar\u00eda si el mundo de tu hijo y el tuyo fueran diferentes? \u00bfY si tu proyecto vital se desmoronara por completo? Joan tiene autismo y yo soy su madre. Os invito a acercaros a su mundo, a avanzar a su lado.<\/p>\n<p>Su visi\u00f3n de la vida me ha hecho replantearme la m\u00eda. Soy psiquiatra y hace pocos a\u00f1os me han diagnosticado un trastorno bipolar. S\u00ed, he tenido que sentarme al otro lado de la mesa.<\/p>\n<p>Esta es la historia de un hijo y su madre a quienes la vida decidi\u00f3 hacer \u00abdiferentes\u00bb. Aqu\u00ed est\u00e1n descritas mis vivencias, mis sentimientos, nuestra evoluci\u00f3n a lo largo de los a\u00f1os. Pero, sobre todo, esta es una historia de crecimiento personal a trav\u00e9s de las dificultades.<\/p>\n<p>Y est\u00e1 escrita, simplemente, desde el coraz\u00f3n.<\/p>\n<p><em>Eva Busquets<\/em><\/p>\n","protected":false},"featured_media":83,"comment_status":"open","ping_status":"closed","template":"","meta":{"_et_pb_use_builder":"","_et_pb_old_content":"","_et_gb_content_width":""},"product_brand":[],"product_cat":[19,28],"product_tag":[25],"class_list":{"0":"post-53","1":"product","2":"type-product","3":"status-publish","4":"has-post-thumbnail","6":"product_cat-editorial-octaedro","7":"product_cat-libros-para-madres-y-padres","8":"product_tag-edicion-impresa","10":"first","11":"instock","12":"featured","13":"shipping-taxable","14":"product-type-external"},"_links":{"self":[{"href":"https:\/\/octaedro.com\/octaedro-infantil\/wp-json\/wp\/v2\/product\/53","targetHints":{"allow":["GET"]}}],"collection":[{"href":"https:\/\/octaedro.com\/octaedro-infantil\/wp-json\/wp\/v2\/product"}],"about":[{"href":"https:\/\/octaedro.com\/octaedro-infantil\/wp-json\/wp\/v2\/types\/product"}],"replies":[{"embeddable":true,"href":"https:\/\/octaedro.com\/octaedro-infantil\/wp-json\/wp\/v2\/comments?post=53"}],"wp:featuredmedia":[{"embeddable":true,"href":"https:\/\/octaedro.com\/octaedro-infantil\/wp-json\/wp\/v2\/media\/83"}],"wp:attachment":[{"href":"https:\/\/octaedro.com\/octaedro-infantil\/wp-json\/wp\/v2\/media?parent=53"}],"wp:term":[{"taxonomy":"product_brand","embeddable":true,"href":"https:\/\/octaedro.com\/octaedro-infantil\/wp-json\/wp\/v2\/product_brand?post=53"},{"taxonomy":"product_cat","embeddable":true,"href":"https:\/\/octaedro.com\/octaedro-infantil\/wp-json\/wp\/v2\/product_cat?post=53"},{"taxonomy":"product_tag","embeddable":true,"href":"https:\/\/octaedro.com\/octaedro-infantil\/wp-json\/wp\/v2\/product_tag?post=53"}],"curies":[{"name":"wp","href":"https:\/\/api.w.org\/{rel}","templated":true}]}}