{"id":51,"date":"2020-06-02T09:36:53","date_gmt":"2020-06-02T07:36:53","guid":{"rendered":"https:\/\/octaedro.com\/octaedro-infantil\/producto\/import-placeholder-for-16592\/"},"modified":"2021-11-15T13:42:55","modified_gmt":"2021-11-15T12:42:55","slug":"nueve-meses-para-convertirse-en-padres","status":"publish","type":"product","link":"https:\/\/octaedro.com\/octaedro-infantil\/producto\/nueve-meses-para-convertirse-en-padres\/","title":{"rendered":"Nueve meses para convertirse en padres"},"content":{"rendered":"<p>Convertirse en padres \u2014a lo largo del embarazo, el parto y los primeros tiempos con el beb\u00e9\u2014 es una puesta a prueba para los individuos y para la pareja. En cuanto al futuro ni\u00f1o, efect\u00faa un agitado viaje hacia nuestro mundo.<br \/>\n\u00bfC\u00f3mo se prepara ese delicado paso de feto a peque\u00f1o humano? \u00bfQu\u00e9 papel desempe\u00f1an los profesionales en la maternidad? \u00bfPor qu\u00e9 empiezan a haber \u00abpsis\u00bb entre ellos?<br \/>\nUn obstetra y un psicoanalista, bas\u00e1ndose en su experiencia cl\u00ednica, superan la divisi\u00f3n del cuerpo y la mente para explorar, en un di\u00e1logo sin jerga, los momentos importantes de la gestaci\u00f3n, el nacimiento y la acogida del reci\u00e9n nacido. De este modo, permiten que las parejas aborden m\u00e1s sabias y mejor armadas esos nueve meses cruciales, las relaciones con los profesionales de la salud y los primeros momentos de su vida de familia.<br \/>\nPadres virtuales o confirmados, profesionales en formaci\u00f3n o experimentados no encontrar\u00e1n en esta obra respuestas estandarizadas, sino elementos de reflexi\u00f3n para acoger mejor a un beb\u00e9.<\/p>\n","protected":false},"excerpt":{"rendered":"<p>Convertirse en padres \u2014a lo largo del embarazo, el parto y los primeros tiempos con el beb\u00e9\u2014 es una puesta a prueba para los individuos y para la pareja. En cuanto al futuro ni\u00f1o, efect\u00faa un agitado viaje hacia nuestro mundo.<br \/>\n\u00bfC\u00f3mo se prepara ese delicado paso de feto a peque\u00f1o humano? \u00bfQu\u00e9 papel desempe\u00f1an los profesionales en la maternidad? \u00bfPor qu\u00e9 empiezan a haber \u00abpsis\u00bb entre ellos?<br \/>\nUn obstetra y un psicoanalista, bas\u00e1ndose en su experiencia cl\u00ednica, superan la divisi\u00f3n del cuerpo y la mente para explorar, en un di\u00e1logo sin jerga, los momentos importantes de la gestaci\u00f3n, el nacimiento y la acogida del reci\u00e9n nacido. De este modo, permiten que las parejas aborden m\u00e1s sabias y mejor armadas esos nueve meses cruciales, las relaciones con los profesionales de la salud y los primeros momentos de su vida de familia.<br \/>\nPadres virtuales o confirmados, profesionales en formaci\u00f3n o experimentados no encontrar\u00e1n en esta obra respuestas estandarizadas, sino elementos de reflexi\u00f3n para acoger mejor a un beb\u00e9.<\/p>\n","protected":false},"featured_media":81,"comment_status":"open","ping_status":"closed","template":"","meta":{"_et_pb_use_builder":"","_et_pb_old_content":"","_et_gb_content_width":""},"product_brand":[],"product_cat":[19,28],"product_tag":[25],"class_list":{"0":"post-51","1":"product","2":"type-product","3":"status-publish","4":"has-post-thumbnail","6":"product_cat-editorial-octaedro","7":"product_cat-libros-para-madres-y-padres","8":"product_tag-edicion-impresa","10":"first","11":"instock","12":"shipping-taxable","13":"product-type-external"},"_links":{"self":[{"href":"https:\/\/octaedro.com\/octaedro-infantil\/wp-json\/wp\/v2\/product\/51","targetHints":{"allow":["GET"]}}],"collection":[{"href":"https:\/\/octaedro.com\/octaedro-infantil\/wp-json\/wp\/v2\/product"}],"about":[{"href":"https:\/\/octaedro.com\/octaedro-infantil\/wp-json\/wp\/v2\/types\/product"}],"replies":[{"embeddable":true,"href":"https:\/\/octaedro.com\/octaedro-infantil\/wp-json\/wp\/v2\/comments?post=51"}],"wp:featuredmedia":[{"embeddable":true,"href":"https:\/\/octaedro.com\/octaedro-infantil\/wp-json\/wp\/v2\/media\/81"}],"wp:attachment":[{"href":"https:\/\/octaedro.com\/octaedro-infantil\/wp-json\/wp\/v2\/media?parent=51"}],"wp:term":[{"taxonomy":"product_brand","embeddable":true,"href":"https:\/\/octaedro.com\/octaedro-infantil\/wp-json\/wp\/v2\/product_brand?post=51"},{"taxonomy":"product_cat","embeddable":true,"href":"https:\/\/octaedro.com\/octaedro-infantil\/wp-json\/wp\/v2\/product_cat?post=51"},{"taxonomy":"product_tag","embeddable":true,"href":"https:\/\/octaedro.com\/octaedro-infantil\/wp-json\/wp\/v2\/product_tag?post=51"}],"curies":[{"name":"wp","href":"https:\/\/api.w.org\/{rel}","templated":true}]}}