{"id":304,"date":"2020-06-02T09:37:28","date_gmt":"2020-06-02T07:37:28","guid":{"rendered":"https:\/\/octaedro.com\/octaedro-infantil\/producto\/import-placeholder-for-20265\/"},"modified":"2020-06-02T11:22:16","modified_gmt":"2020-06-02T09:22:16","slug":"estrellita-donde-estas","status":"publish","type":"product","link":"https:\/\/octaedro.com\/octaedro-infantil\/producto\/estrellita-donde-estas\/","title":{"rendered":"Estrellita, \u00bfd\u00f3nde est\u00e1s?"},"content":{"rendered":"<p>Esta es la historia de una gran familia: Estrellita, Estrella, Luisa y Fernando.<\/p>\n<p>El malvado Pisot\u00f3n se ha llevado a Estrellita para siempre.<\/p>\n<p>Luisa y Fernando est\u00e1n dispuestos a cuidar de Estrella, a ser su familia y a quererla para siempre.<\/p>\n<p>Pero Estrella necesita algo m\u00e1s&#8230;<\/p>\n<p>\u00abEste es un cuento muy especial. Porque est\u00e1 escrito para una ni\u00f1a, Ella, a quien dese\u00e9 contar su historia. Y result\u00f3 que esa historia no solo habla de Ella, sino de todas las ni\u00f1as y de todos los ni\u00f1os que necesitan sentirse amados incondicionalmente, desde la ra\u00edz hasta las puntas.\u00bb <em>Margarita Calvente<\/em><\/p>\n","protected":false},"excerpt":{"rendered":"<p>Esta es la historia de una gran familia: Estrellita, Estrella, Luisa y Fernando.<\/p>\n<p>El malvado Pisot\u00f3n se ha llevado a Estrellita para siempre.<\/p>\n<p>Luisa y Fernando est\u00e1n dispuestos a cuidar de Estrella, a ser su familia y a quererla para siempre.<\/p>\n<p>Pero Estrella necesita algo m\u00e1s&#8230;<\/p>\n<p>\u00abEste es un cuento muy especial. Porque est\u00e1 escrito para una ni\u00f1a, Ella, a quien dese\u00e9 contar su historia. Y result\u00f3 que esa historia no solo habla de Ella, sino de todas las ni\u00f1as y de todos los ni\u00f1os que necesitan sentirse amados incondicionalmente, desde la ra\u00edz hasta las puntas.\u00bb <em>Margarita Calvente<\/em><\/p>\n","protected":false},"featured_media":334,"comment_status":"open","ping_status":"closed","template":"","meta":{"_et_pb_use_builder":"","_et_pb_old_content":"","_et_gb_content_width":""},"product_brand":[],"product_cat":[35,19],"product_tag":[25],"class_list":{"0":"post-304","1":"product","2":"type-product","3":"status-publish","4":"has-post-thumbnail","6":"product_cat-cuentos-sobre-emociones-derechos-diversidad","7":"product_cat-editorial-octaedro","8":"product_tag-edicion-impresa","10":"first","11":"instock","12":"shipping-taxable","13":"product-type-external"},"_links":{"self":[{"href":"https:\/\/octaedro.com\/octaedro-infantil\/wp-json\/wp\/v2\/product\/304","targetHints":{"allow":["GET"]}}],"collection":[{"href":"https:\/\/octaedro.com\/octaedro-infantil\/wp-json\/wp\/v2\/product"}],"about":[{"href":"https:\/\/octaedro.com\/octaedro-infantil\/wp-json\/wp\/v2\/types\/product"}],"replies":[{"embeddable":true,"href":"https:\/\/octaedro.com\/octaedro-infantil\/wp-json\/wp\/v2\/comments?post=304"}],"wp:featuredmedia":[{"embeddable":true,"href":"https:\/\/octaedro.com\/octaedro-infantil\/wp-json\/wp\/v2\/media\/334"}],"wp:attachment":[{"href":"https:\/\/octaedro.com\/octaedro-infantil\/wp-json\/wp\/v2\/media?parent=304"}],"wp:term":[{"taxonomy":"product_brand","embeddable":true,"href":"https:\/\/octaedro.com\/octaedro-infantil\/wp-json\/wp\/v2\/product_brand?post=304"},{"taxonomy":"product_cat","embeddable":true,"href":"https:\/\/octaedro.com\/octaedro-infantil\/wp-json\/wp\/v2\/product_cat?post=304"},{"taxonomy":"product_tag","embeddable":true,"href":"https:\/\/octaedro.com\/octaedro-infantil\/wp-json\/wp\/v2\/product_tag?post=304"}],"curies":[{"name":"wp","href":"https:\/\/api.w.org\/{rel}","templated":true}]}}