{"id":302,"date":"2020-06-02T09:37:28","date_gmt":"2020-06-02T07:37:28","guid":{"rendered":"https:\/\/octaedro.com\/octaedro-infantil\/producto\/import-placeholder-for-20261\/"},"modified":"2020-06-02T11:22:17","modified_gmt":"2020-06-02T09:22:17","slug":"el-libro-que-lee-a-personas","status":"publish","type":"product","link":"https:\/\/octaedro.com\/octaedro-infantil\/producto\/el-libro-que-lee-a-personas\/","title":{"rendered":"El libro que lee a personas"},"content":{"rendered":"<p>En lugar de ser le\u00eddo, un libro viejo y roto aprende a leer a personas, en una extra\u00f1a inversi\u00f3n de papeles. Despu\u00e9s de ser colocado lejos del alcance de los lectores, en lo alto de un estante, traba amistad con otro libro antiguo que le ense\u00f1a a entender la diversidad y la riqueza de la vida humana al observar a los usuarios de una biblioteca. Juntos buscan pistas y descubren historias y personajes de la vida real incre\u00edbles.<\/p>\n","protected":false},"excerpt":{"rendered":"<p>En lugar de ser le\u00eddo, un libro viejo y roto aprende a leer a personas, en una extra\u00f1a inversi\u00f3n de papeles. Despu\u00e9s de ser colocado lejos del alcance de los lectores, en lo alto de un estante, traba amistad con otro libro antiguo que le ense\u00f1a a entender la diversidad y la riqueza de la vida humana al observar a los usuarios de una biblioteca. Juntos buscan pistas y descubren historias y personajes de la vida real incre\u00edbles.<\/p>\n","protected":false},"featured_media":332,"comment_status":"open","ping_status":"closed","template":"","meta":{"_et_pb_use_builder":"","_et_pb_old_content":"","_et_gb_content_width":""},"product_brand":[],"product_cat":[35,19],"product_tag":[25],"class_list":{"0":"post-302","1":"product","2":"type-product","3":"status-publish","4":"has-post-thumbnail","6":"product_cat-cuentos-sobre-emociones-derechos-diversidad","7":"product_cat-editorial-octaedro","8":"product_tag-edicion-impresa","10":"first","11":"instock","12":"shipping-taxable","13":"product-type-external"},"_links":{"self":[{"href":"https:\/\/octaedro.com\/octaedro-infantil\/wp-json\/wp\/v2\/product\/302","targetHints":{"allow":["GET"]}}],"collection":[{"href":"https:\/\/octaedro.com\/octaedro-infantil\/wp-json\/wp\/v2\/product"}],"about":[{"href":"https:\/\/octaedro.com\/octaedro-infantil\/wp-json\/wp\/v2\/types\/product"}],"replies":[{"embeddable":true,"href":"https:\/\/octaedro.com\/octaedro-infantil\/wp-json\/wp\/v2\/comments?post=302"}],"wp:featuredmedia":[{"embeddable":true,"href":"https:\/\/octaedro.com\/octaedro-infantil\/wp-json\/wp\/v2\/media\/332"}],"wp:attachment":[{"href":"https:\/\/octaedro.com\/octaedro-infantil\/wp-json\/wp\/v2\/media?parent=302"}],"wp:term":[{"taxonomy":"product_brand","embeddable":true,"href":"https:\/\/octaedro.com\/octaedro-infantil\/wp-json\/wp\/v2\/product_brand?post=302"},{"taxonomy":"product_cat","embeddable":true,"href":"https:\/\/octaedro.com\/octaedro-infantil\/wp-json\/wp\/v2\/product_cat?post=302"},{"taxonomy":"product_tag","embeddable":true,"href":"https:\/\/octaedro.com\/octaedro-infantil\/wp-json\/wp\/v2\/product_tag?post=302"}],"curies":[{"name":"wp","href":"https:\/\/api.w.org\/{rel}","templated":true}]}}