{"id":301,"date":"2020-06-02T09:37:28","date_gmt":"2020-06-02T07:37:28","guid":{"rendered":"https:\/\/octaedro.com\/octaedro-infantil\/producto\/import-placeholder-for-20259\/"},"modified":"2020-06-02T11:22:18","modified_gmt":"2020-06-02T09:22:18","slug":"ruben-y-los-superheroes","status":"publish","type":"product","link":"https:\/\/octaedro.com\/octaedro-infantil\/producto\/ruben-y-los-superheroes\/","title":{"rendered":"Rub\u00e9n y los superh\u00e9roes"},"content":{"rendered":"<p>Sergio Mart\u00edn Tarras\u00f3n, Lourdes Rius Ortiz Ilustraciones: Eduard Blanch Rodr\u00edguez Rub\u00e9n y los superh\u00e9roes <em>Rub\u00e9n y los superh\u00e9roes<\/em> es un cuento del proyecto Superh\u00e9roes (<a href=\"&quot;http:\/\/www.superherois.cat\/&quot;\">www.superherois.cat<\/a>, que pretende acercarnos a los trastornos del espectro autista o TEA desde una perspectiva cercana y de car\u00e1cter po\u00e9tico y metaf\u00f3rico.<\/p>\n<p>Los dos cuentos del proyecto se centran en dos perspectivas que han sido poco tratadas hasta ahora: la de los progenitores con un hijo con TEA y la de una ni\u00f1a que padece este trastorno.<\/p>\n<p>En este cuento se narran algunas de las vivencias de los ni\u00f1os y las ni\u00f1as que padecen este tipo de trastornos del desarrollo y sus familiares, lo que nos permite acercarnos de una forma educativa y sencilla a algunas de las dificultades y los retos con los que conviven todos ellos. Al final del cuento se incluye un apartado dirigido a los adultos que acompa\u00f1an en la lectura, donde se da informaci\u00f3n del proyecto y se ofrecen reflexiones y actividades para tratar los contenidos con mayor profundidad.<\/p>\n<p>La ilustraciones son de <strong>Eduard Blanch Rodr\u00edguez<\/strong> es dise\u00f1ador e ilustrador, aplica sus conocimientos a las artes visuales, el cartelismo y el <em>packaging<\/em> y trabaja la obra pl\u00e1stica y gr\u00e1fica (<a href=\"&quot;http:\/\/www.edublanch.com\/&quot;\"> www.edublanch.com<\/a>).<\/p>\n","protected":false},"excerpt":{"rendered":"<p>Sergio Mart\u00edn Tarras\u00f3n, Lourdes Rius Ortiz Ilustraciones: Eduard Blanch Rodr\u00edguez Rub\u00e9n y los superh\u00e9roes <em>Rub\u00e9n y los superh\u00e9roes<\/em> es un cuento del proyecto Superh\u00e9roes (<a href=\"&quot;http:\/\/www.superherois.cat\/&quot;\">www.superherois.cat<\/a>, que pretende acercarnos a los trastornos del espectro autista o TEA desde una perspectiva cercana y de car\u00e1cter po\u00e9tico y metaf\u00f3rico.<\/p>\n<p>Los dos cuentos del proyecto se centran en dos perspectivas que han sido poco tratadas hasta ahora: la de los progenitores con un hijo con TEA y la de una ni\u00f1a que padece este trastorno.<\/p>\n<p>En este cuento se narran algunas de las vivencias de los ni\u00f1os y las ni\u00f1as que padecen este tipo de trastornos del desarrollo y sus familiares, lo que nos permite acercarnos de una forma educativa y sencilla a algunas de las dificultades y los retos con los que conviven todos ellos. Al final del cuento se incluye un apartado dirigido a los adultos que acompa\u00f1an en la lectura, donde se da informaci\u00f3n del proyecto y se ofrecen reflexiones y actividades para tratar los contenidos con mayor profundidad.<\/p>\n<p>La ilustraciones son de <strong>Eduard Blanch Rodr\u00edguez<\/strong> es dise\u00f1ador e ilustrador, aplica sus conocimientos a las artes visuales, el cartelismo y el <em>packaging<\/em> y trabaja la obra pl\u00e1stica y gr\u00e1fica (<a href=\"&quot;http:\/\/www.edublanch.com\/&quot;\"> www.edublanch.com<\/a>).<\/p>\n","protected":false},"featured_media":331,"comment_status":"open","ping_status":"closed","template":"","meta":{"_et_pb_use_builder":"","_et_pb_old_content":"","_et_gb_content_width":""},"product_brand":[],"product_cat":[35,19],"product_tag":[25],"class_list":{"0":"post-301","1":"product","2":"type-product","3":"status-publish","4":"has-post-thumbnail","6":"product_cat-cuentos-sobre-emociones-derechos-diversidad","7":"product_cat-editorial-octaedro","8":"product_tag-edicion-impresa","10":"first","11":"instock","12":"shipping-taxable","13":"product-type-external"},"_links":{"self":[{"href":"https:\/\/octaedro.com\/octaedro-infantil\/wp-json\/wp\/v2\/product\/301","targetHints":{"allow":["GET"]}}],"collection":[{"href":"https:\/\/octaedro.com\/octaedro-infantil\/wp-json\/wp\/v2\/product"}],"about":[{"href":"https:\/\/octaedro.com\/octaedro-infantil\/wp-json\/wp\/v2\/types\/product"}],"replies":[{"embeddable":true,"href":"https:\/\/octaedro.com\/octaedro-infantil\/wp-json\/wp\/v2\/comments?post=301"}],"wp:featuredmedia":[{"embeddable":true,"href":"https:\/\/octaedro.com\/octaedro-infantil\/wp-json\/wp\/v2\/media\/331"}],"wp:attachment":[{"href":"https:\/\/octaedro.com\/octaedro-infantil\/wp-json\/wp\/v2\/media?parent=301"}],"wp:term":[{"taxonomy":"product_brand","embeddable":true,"href":"https:\/\/octaedro.com\/octaedro-infantil\/wp-json\/wp\/v2\/product_brand?post=301"},{"taxonomy":"product_cat","embeddable":true,"href":"https:\/\/octaedro.com\/octaedro-infantil\/wp-json\/wp\/v2\/product_cat?post=301"},{"taxonomy":"product_tag","embeddable":true,"href":"https:\/\/octaedro.com\/octaedro-infantil\/wp-json\/wp\/v2\/product_tag?post=301"}],"curies":[{"name":"wp","href":"https:\/\/api.w.org\/{rel}","templated":true}]}}