{"id":236,"date":"2020-06-02T09:37:17","date_gmt":"2020-06-02T07:37:17","guid":{"rendered":"https:\/\/octaedro.com\/octaedro-infantil\/producto\/import-placeholder-for-19220\/"},"modified":"2020-06-02T11:38:24","modified_gmt":"2020-06-02T09:38:24","slug":"vull-larrel","status":"publish","type":"product","link":"https:\/\/octaedro.com\/octaedro-infantil\/producto\/vull-larrel\/","title":{"rendered":"Vull l&#8217;arrel!"},"content":{"rendered":"<p><strong><em>Vull l\u2019arrel!<\/em><\/strong> forma part de la s\u00e8rie <strong>Sense nom<\/strong>, de la col\u00b7lecci\u00f3 <strong>Contes per pensar<\/strong>, que inclou llibres per aprendre a pensar, entendre el m\u00f3n i conviure.<\/p>\n<p>Aquesta s\u00e8rie, adre\u00e7ada a nens i nenes de 3 a 5 anys, reuneix hist\u00f2ries d\u2019un nen que comen\u00e7a a adonar-se de diverses coses relacionades amb si mateix i amb el seu entorn. Les hist\u00f2ries reflecteixen el di\u00e0leg interior d\u2019aquest nen sense nom, cosa que permetr\u00e0 plantejar-nos amb les nenes i els nens petits algunes q\u00fcestions fonamentals. Al final del conte s\u2019inclou un apartat adre\u00e7at als adults que proposa activitats i reflexions per tractar aquestes q\u00fcestions en profunditat.<\/p>\n<p>Aquest conte s\u2019inicia amb un experiment molt cl\u00e0ssic: el proc\u00e9s de germinaci\u00f3 d\u2019un llegum. A partir d\u2019aqu\u00ed, el personatge comen\u00e7a a preguntar-se per l\u2019arrel de les coses. Es planteja, en realitat, un important tema filos\u00f2fic.  <\/p>\n","protected":false},"excerpt":{"rendered":"<p><strong><em>Vull l\u2019arrel!<\/em><\/strong> forma part de la s\u00e8rie <strong>Sense nom<\/strong>, de la col\u00b7lecci\u00f3 <strong>Contes per pensar<\/strong>, que inclou llibres per aprendre a pensar, entendre el m\u00f3n i conviure.<\/p>\n<p>Aquesta s\u00e8rie, adre\u00e7ada a nens i nenes de 3 a 5 anys, reuneix hist\u00f2ries d\u2019un nen que comen\u00e7a a adonar-se de diverses coses relacionades amb si mateix i amb el seu entorn. Les hist\u00f2ries reflecteixen el di\u00e0leg interior d\u2019aquest nen sense nom, cosa que permetr\u00e0 plantejar-nos amb les nenes i els nens petits algunes q\u00fcestions fonamentals. Al final del conte s\u2019inclou un apartat adre\u00e7at als adults que proposa activitats i reflexions per tractar aquestes q\u00fcestions en profunditat.<\/p>\n<p>Aquest conte s\u2019inicia amb un experiment molt cl\u00e0ssic: el proc\u00e9s de germinaci\u00f3 d\u2019un llegum. A partir d\u2019aqu\u00ed, el personatge comen\u00e7a a preguntar-se per l\u2019arrel de les coses. Es planteja, en realitat, un important tema filos\u00f2fic.  <\/p>\n","protected":false},"featured_media":266,"comment_status":"open","ping_status":"closed","template":"","meta":{"_et_pb_use_builder":"","_et_pb_old_content":"","_et_gb_content_width":""},"product_brand":[],"product_cat":[37],"product_tag":[],"class_list":{"0":"post-236","1":"product","2":"type-product","3":"status-publish","4":"has-post-thumbnail","6":"product_cat-infantil-catala","8":"first","9":"instock","10":"shipping-taxable","11":"product-type-external"},"_links":{"self":[{"href":"https:\/\/octaedro.com\/octaedro-infantil\/wp-json\/wp\/v2\/product\/236","targetHints":{"allow":["GET"]}}],"collection":[{"href":"https:\/\/octaedro.com\/octaedro-infantil\/wp-json\/wp\/v2\/product"}],"about":[{"href":"https:\/\/octaedro.com\/octaedro-infantil\/wp-json\/wp\/v2\/types\/product"}],"replies":[{"embeddable":true,"href":"https:\/\/octaedro.com\/octaedro-infantil\/wp-json\/wp\/v2\/comments?post=236"}],"wp:featuredmedia":[{"embeddable":true,"href":"https:\/\/octaedro.com\/octaedro-infantil\/wp-json\/wp\/v2\/media\/266"}],"wp:attachment":[{"href":"https:\/\/octaedro.com\/octaedro-infantil\/wp-json\/wp\/v2\/media?parent=236"}],"wp:term":[{"taxonomy":"product_brand","embeddable":true,"href":"https:\/\/octaedro.com\/octaedro-infantil\/wp-json\/wp\/v2\/product_brand?post=236"},{"taxonomy":"product_cat","embeddable":true,"href":"https:\/\/octaedro.com\/octaedro-infantil\/wp-json\/wp\/v2\/product_cat?post=236"},{"taxonomy":"product_tag","embeddable":true,"href":"https:\/\/octaedro.com\/octaedro-infantil\/wp-json\/wp\/v2\/product_tag?post=236"}],"curies":[{"name":"wp","href":"https:\/\/api.w.org\/{rel}","templated":true}]}}