{"id":230,"date":"2020-06-02T09:37:17","date_gmt":"2020-06-02T07:37:17","guid":{"rendered":"https:\/\/octaedro.com\/octaedro-infantil\/producto\/import-placeholder-for-19208\/"},"modified":"2020-06-02T11:38:28","modified_gmt":"2020-06-02T09:38:28","slug":"a-que-dedico-el-meu-temps","status":"publish","type":"product","link":"https:\/\/octaedro.com\/octaedro-infantil\/producto\/a-que-dedico-el-meu-temps\/","title":{"rendered":"A QU\u00c8 DEDICO EL MEU TEMPS?"},"content":{"rendered":"<p><strong><em>A qu\u00e8 dedico el meu temps?<\/em><\/strong> forma part de la s\u00e8rie <strong>La Joanina i els seus amics<\/strong> de la col\u00b7lecci\u00f3 <strong>Contes per pensar<\/strong>, que inclou llibres per aprendre a pensar, entendre el m\u00f3n i conviure.<\/p>\n<p>  Aquesta s\u00e8rie, adre\u00e7ada a nens i nenes de 3 a 5 anys, reuneix hist\u00f2ries de la marieta Joanina, la qual, com les nenes i els nens petits, busca el sentit del m\u00f3n mentre procura entendre&#8217;s a si mateixa. En les diverses hist\u00f2ries, es troba amb amics amb qui dialoga sobre aquestes q\u00fcestions. En aquest conte, busca respostes a les seves preguntes filos\u00f2fiques sobre el temps mentre juga i passeja amb en Pol, el caragol. Es tracta de q\u00fcestionar-se sobre les presses del m\u00f3n actual, des de la perspectiva del moviment mundial de la desacceleraci\u00f3 i de la proposta d&#8217;una pedagogia lenta.<\/p>\n<p>  Al final del llibre s&#8217;inclou un apartat adre\u00e7at als adults que proposa activitats i reflexions per tractar alguns dels temes plantejats en el conte.  <\/p>\n","protected":false},"excerpt":{"rendered":"<p><strong><em>A qu\u00e8 dedico el meu temps?<\/em><\/strong> forma part de la s\u00e8rie <strong>La Joanina i els seus amics<\/strong> de la col\u00b7lecci\u00f3 <strong>Contes per pensar<\/strong>, que inclou llibres per aprendre a pensar, entendre el m\u00f3n i conviure.<\/p>\n<p>  Aquesta s\u00e8rie, adre\u00e7ada a nens i nenes de 3 a 5 anys, reuneix hist\u00f2ries de la marieta Joanina, la qual, com les nenes i els nens petits, busca el sentit del m\u00f3n mentre procura entendre&#8217;s a si mateixa. En les diverses hist\u00f2ries, es troba amb amics amb qui dialoga sobre aquestes q\u00fcestions. En aquest conte, busca respostes a les seves preguntes filos\u00f2fiques sobre el temps mentre juga i passeja amb en Pol, el caragol. Es tracta de q\u00fcestionar-se sobre les presses del m\u00f3n actual, des de la perspectiva del moviment mundial de la desacceleraci\u00f3 i de la proposta d&#8217;una pedagogia lenta.<\/p>\n<p>  Al final del llibre s&#8217;inclou un apartat adre\u00e7at als adults que proposa activitats i reflexions per tractar alguns dels temes plantejats en el conte.  <\/p>\n","protected":false},"featured_media":260,"comment_status":"open","ping_status":"closed","template":"","meta":{"_et_pb_use_builder":"","_et_pb_old_content":"","_et_gb_content_width":""},"product_brand":[],"product_cat":[37],"product_tag":[27],"class_list":{"0":"post-230","1":"product","2":"type-product","3":"status-publish","4":"has-post-thumbnail","6":"product_cat-infantil-catala","7":"product_tag-edicion-impresa-edicion-digital-pdf","9":"first","10":"instock","11":"shipping-taxable","12":"product-type-external"},"_links":{"self":[{"href":"https:\/\/octaedro.com\/octaedro-infantil\/wp-json\/wp\/v2\/product\/230","targetHints":{"allow":["GET"]}}],"collection":[{"href":"https:\/\/octaedro.com\/octaedro-infantil\/wp-json\/wp\/v2\/product"}],"about":[{"href":"https:\/\/octaedro.com\/octaedro-infantil\/wp-json\/wp\/v2\/types\/product"}],"replies":[{"embeddable":true,"href":"https:\/\/octaedro.com\/octaedro-infantil\/wp-json\/wp\/v2\/comments?post=230"}],"wp:featuredmedia":[{"embeddable":true,"href":"https:\/\/octaedro.com\/octaedro-infantil\/wp-json\/wp\/v2\/media\/260"}],"wp:attachment":[{"href":"https:\/\/octaedro.com\/octaedro-infantil\/wp-json\/wp\/v2\/media?parent=230"}],"wp:term":[{"taxonomy":"product_brand","embeddable":true,"href":"https:\/\/octaedro.com\/octaedro-infantil\/wp-json\/wp\/v2\/product_brand?post=230"},{"taxonomy":"product_cat","embeddable":true,"href":"https:\/\/octaedro.com\/octaedro-infantil\/wp-json\/wp\/v2\/product_cat?post=230"},{"taxonomy":"product_tag","embeddable":true,"href":"https:\/\/octaedro.com\/octaedro-infantil\/wp-json\/wp\/v2\/product_tag?post=230"}],"curies":[{"name":"wp","href":"https:\/\/api.w.org\/{rel}","templated":true}]}}