{"id":226,"date":"2020-06-02T09:37:17","date_gmt":"2020-06-02T07:37:17","guid":{"rendered":"https:\/\/octaedro.com\/octaedro-infantil\/producto\/import-placeholder-for-19144\/"},"modified":"2020-06-02T11:38:31","modified_gmt":"2020-06-02T09:38:31","slug":"els-pessigolles-la-vall-dels-bubus-inclou-cd","status":"publish","type":"product","link":"https:\/\/octaedro.com\/octaedro-infantil\/producto\/els-pessigolles-la-vall-dels-bubus-inclou-cd\/","title":{"rendered":"Els Pessigolles, La Vall dels Bubus (inclou CD)"},"content":{"rendered":"<p>En aquesta aventura, els Pessigolles descobreixen la vall dels Bubus, una personatges molt simpaticots que els conviden a la festa de la Primavera. Tot va d&#8217;all\u00f2 m\u00e9s b\u00e9 fins que la trompeta d&#8217;un bubu m\u00fasic desapareix\u2026<br \/>El projecte CIM (Contes, Il\u2022lustracions i M\u00fasica) est\u00e0 dirigit per tres persones procedents de l&#8217;\u00e0mbit docent, musicat i art\u00edstic. \u00c9s un reflex de l&#8217;experi\u00e8ncia dels seus creadors amb la il\u2022lusi\u00f3 d&#8217;ajudar a treballar valors i emocions a trav\u00e9s del conte i els seus personatges: Els Pessigolles.<br \/>Els contes CIM estan orientats al p\u00fablic infantil i es desenvolupen dins una col\u2022lecci\u00f3 de dotze contes il\u2022lustrats amb acompanyament musical. Cada conte inclou una <a href=http:\/\/www.octaedro.com\/pdf\/80200.pdf>guia did\u00e0ctica amb propostes i activitats l\u00fadiques i educatives <\/a>.<br \/>Totes les hist\u00f2ries dels Pessigolles tenen un final ben curi\u00f3s, no acaben del tot, aix\u00ed que: tu tamb\u00e9 hi participes!<\/p>\n","protected":false},"excerpt":{"rendered":"<p>En aquesta aventura, els Pessigolles descobreixen la vall dels Bubus, una personatges molt simpaticots que els conviden a la festa de la Primavera. Tot va d&#8217;all\u00f2 m\u00e9s b\u00e9 fins que la trompeta d&#8217;un bubu m\u00fasic desapareix\u2026<br \/>El projecte CIM (Contes, Il\u2022lustracions i M\u00fasica) est\u00e0 dirigit per tres persones procedents de l&#8217;\u00e0mbit docent, musicat i art\u00edstic. \u00c9s un reflex de l&#8217;experi\u00e8ncia dels seus creadors amb la il\u2022lusi\u00f3 d&#8217;ajudar a treballar valors i emocions a trav\u00e9s del conte i els seus personatges: Els Pessigolles.<br \/>Els contes CIM estan orientats al p\u00fablic infantil i es desenvolupen dins una col\u2022lecci\u00f3 de dotze contes il\u2022lustrats amb acompanyament musical. Cada conte inclou una <a href=http:\/\/www.octaedro.com\/pdf\/80200.pdf>guia did\u00e0ctica amb propostes i activitats l\u00fadiques i educatives <\/a>.<br \/>Totes les hist\u00f2ries dels Pessigolles tenen un final ben curi\u00f3s, no acaben del tot, aix\u00ed que: tu tamb\u00e9 hi participes!<\/p>\n","protected":false},"featured_media":256,"comment_status":"open","ping_status":"closed","template":"","meta":{"_et_pb_use_builder":"","_et_pb_old_content":"","_et_gb_content_width":""},"product_brand":[],"product_cat":[37],"product_tag":[],"class_list":{"0":"post-226","1":"product","2":"type-product","3":"status-publish","4":"has-post-thumbnail","6":"product_cat-infantil-catala","8":"first","9":"instock","10":"shipping-taxable","11":"product-type-external"},"_links":{"self":[{"href":"https:\/\/octaedro.com\/octaedro-infantil\/wp-json\/wp\/v2\/product\/226","targetHints":{"allow":["GET"]}}],"collection":[{"href":"https:\/\/octaedro.com\/octaedro-infantil\/wp-json\/wp\/v2\/product"}],"about":[{"href":"https:\/\/octaedro.com\/octaedro-infantil\/wp-json\/wp\/v2\/types\/product"}],"replies":[{"embeddable":true,"href":"https:\/\/octaedro.com\/octaedro-infantil\/wp-json\/wp\/v2\/comments?post=226"}],"wp:featuredmedia":[{"embeddable":true,"href":"https:\/\/octaedro.com\/octaedro-infantil\/wp-json\/wp\/v2\/media\/256"}],"wp:attachment":[{"href":"https:\/\/octaedro.com\/octaedro-infantil\/wp-json\/wp\/v2\/media?parent=226"}],"wp:term":[{"taxonomy":"product_brand","embeddable":true,"href":"https:\/\/octaedro.com\/octaedro-infantil\/wp-json\/wp\/v2\/product_brand?post=226"},{"taxonomy":"product_cat","embeddable":true,"href":"https:\/\/octaedro.com\/octaedro-infantil\/wp-json\/wp\/v2\/product_cat?post=226"},{"taxonomy":"product_tag","embeddable":true,"href":"https:\/\/octaedro.com\/octaedro-infantil\/wp-json\/wp\/v2\/product_tag?post=226"}],"curies":[{"name":"wp","href":"https:\/\/api.w.org\/{rel}","templated":true}]}}