{"id":195,"date":"2020-06-02T09:37:05","date_gmt":"2020-06-02T07:37:05","guid":{"rendered":"https:\/\/octaedro.com\/octaedro-infantil\/producto\/import-placeholder-for-19142\/"},"modified":"2020-06-02T11:38:31","modified_gmt":"2020-06-02T09:38:31","slug":"laneguet-lleig","status":"publish","type":"product","link":"https:\/\/octaedro.com\/octaedro-infantil\/producto\/laneguet-lleig\/","title":{"rendered":"L&#8217;aneguet lleig"},"content":{"rendered":"<p><span class=destacat>L&#8217;aneguet lleig<\/span> \u00e9s un conte amb una interessant c\u00e0rrega metaf\u00f2rica. Aquesta adaptaci\u00f3 t\u00e9 com a finalitat emocionar proporcionant material educatiu i cultural original. Tota la m\u00fasica que hi trobareu \u00e9s de creaci\u00f3. Amb ella desitjo rendir homenatge a aquest valu\u00f3s conte de Hans Christian Andersen i agriar el que va a aportar a la meva pr\u00f2pia inf\u00e0ncia.<\/p>\n","protected":false},"excerpt":{"rendered":"<p><span class=destacat>L&#8217;aneguet lleig<\/span> \u00e9s un conte amb una interessant c\u00e0rrega metaf\u00f2rica. Aquesta adaptaci\u00f3 t\u00e9 com a finalitat emocionar proporcionant material educatiu i cultural original. Tota la m\u00fasica que hi trobareu \u00e9s de creaci\u00f3. Amb ella desitjo rendir homenatge a aquest valu\u00f3s conte de Hans Christian Andersen i agriar el que va a aportar a la meva pr\u00f2pia inf\u00e0ncia.<\/p>\n","protected":false},"featured_media":225,"comment_status":"open","ping_status":"closed","template":"","meta":{"_et_pb_use_builder":"","_et_pb_old_content":"","_et_gb_content_width":""},"product_brand":[],"product_cat":[37],"product_tag":[],"class_list":{"0":"post-195","1":"product","2":"type-product","3":"status-publish","4":"has-post-thumbnail","6":"product_cat-infantil-catala","8":"first","9":"instock","10":"shipping-taxable","11":"product-type-external"},"_links":{"self":[{"href":"https:\/\/octaedro.com\/octaedro-infantil\/wp-json\/wp\/v2\/product\/195","targetHints":{"allow":["GET"]}}],"collection":[{"href":"https:\/\/octaedro.com\/octaedro-infantil\/wp-json\/wp\/v2\/product"}],"about":[{"href":"https:\/\/octaedro.com\/octaedro-infantil\/wp-json\/wp\/v2\/types\/product"}],"replies":[{"embeddable":true,"href":"https:\/\/octaedro.com\/octaedro-infantil\/wp-json\/wp\/v2\/comments?post=195"}],"wp:featuredmedia":[{"embeddable":true,"href":"https:\/\/octaedro.com\/octaedro-infantil\/wp-json\/wp\/v2\/media\/225"}],"wp:attachment":[{"href":"https:\/\/octaedro.com\/octaedro-infantil\/wp-json\/wp\/v2\/media?parent=195"}],"wp:term":[{"taxonomy":"product_brand","embeddable":true,"href":"https:\/\/octaedro.com\/octaedro-infantil\/wp-json\/wp\/v2\/product_brand?post=195"},{"taxonomy":"product_cat","embeddable":true,"href":"https:\/\/octaedro.com\/octaedro-infantil\/wp-json\/wp\/v2\/product_cat?post=195"},{"taxonomy":"product_tag","embeddable":true,"href":"https:\/\/octaedro.com\/octaedro-infantil\/wp-json\/wp\/v2\/product_tag?post=195"}],"curies":[{"name":"wp","href":"https:\/\/api.w.org\/{rel}","templated":true}]}}