{"id":190,"date":"2020-06-02T09:37:05","date_gmt":"2020-06-02T07:37:05","guid":{"rendered":"https:\/\/octaedro.com\/octaedro-infantil\/producto\/import-placeholder-for-18943\/"},"modified":"2020-06-02T11:38:35","modified_gmt":"2020-06-02T09:38:35","slug":"el-dinero","status":"publish","type":"product","link":"https:\/\/octaedro.com\/octaedro-infantil\/producto\/el-dinero\/","title":{"rendered":"El dinero"},"content":{"rendered":"<p>\u00bfQu\u00e9 es el dinero?<br \/>\n\u00bfCu\u00e1l es su origen?<br \/>\n\u00bfPor qu\u00e9 existe?<br \/>\nEn este libro encontramos informaciones y curiosidades sobre un tema que despierta gran inter\u00e9s en los m\u00e1s peque\u00f1os.<br \/>\nSe explican t\u00e9rminos como salario, impuesto, presupuesto y \u00a1muchas cosas m\u00e1s!<\/p>\n","protected":false},"excerpt":{"rendered":"<p>\u00bfQu\u00e9 es el dinero?<br \/>\n\u00bfCu\u00e1l es su origen?<br \/>\n\u00bfPor qu\u00e9 existe?<br \/>\nEn este libro encontramos informaciones y curiosidades sobre un tema que despierta gran inter\u00e9s en los m\u00e1s peque\u00f1os.<br \/>\nSe explican t\u00e9rminos como salario, impuesto, presupuesto y \u00a1muchas cosas m\u00e1s!<\/p>\n","protected":false},"featured_media":220,"comment_status":"open","ping_status":"closed","template":"","meta":{"_et_pb_use_builder":"","_et_pb_old_content":"","_et_gb_content_width":""},"product_brand":[],"product_cat":[35,19],"product_tag":[25],"class_list":{"0":"post-190","1":"product","2":"type-product","3":"status-publish","4":"has-post-thumbnail","6":"product_cat-cuentos-sobre-emociones-derechos-diversidad","7":"product_cat-editorial-octaedro","8":"product_tag-edicion-impresa","10":"first","11":"instock","12":"shipping-taxable","13":"product-type-external"},"_links":{"self":[{"href":"https:\/\/octaedro.com\/octaedro-infantil\/wp-json\/wp\/v2\/product\/190","targetHints":{"allow":["GET"]}}],"collection":[{"href":"https:\/\/octaedro.com\/octaedro-infantil\/wp-json\/wp\/v2\/product"}],"about":[{"href":"https:\/\/octaedro.com\/octaedro-infantil\/wp-json\/wp\/v2\/types\/product"}],"replies":[{"embeddable":true,"href":"https:\/\/octaedro.com\/octaedro-infantil\/wp-json\/wp\/v2\/comments?post=190"}],"wp:featuredmedia":[{"embeddable":true,"href":"https:\/\/octaedro.com\/octaedro-infantil\/wp-json\/wp\/v2\/media\/220"}],"wp:attachment":[{"href":"https:\/\/octaedro.com\/octaedro-infantil\/wp-json\/wp\/v2\/media?parent=190"}],"wp:term":[{"taxonomy":"product_brand","embeddable":true,"href":"https:\/\/octaedro.com\/octaedro-infantil\/wp-json\/wp\/v2\/product_brand?post=190"},{"taxonomy":"product_cat","embeddable":true,"href":"https:\/\/octaedro.com\/octaedro-infantil\/wp-json\/wp\/v2\/product_cat?post=190"},{"taxonomy":"product_tag","embeddable":true,"href":"https:\/\/octaedro.com\/octaedro-infantil\/wp-json\/wp\/v2\/product_tag?post=190"}],"curies":[{"name":"wp","href":"https:\/\/api.w.org\/{rel}","templated":true}]}}