{"id":181,"date":"2020-06-02T09:37:05","date_gmt":"2020-06-02T07:37:05","guid":{"rendered":"https:\/\/octaedro.com\/octaedro-infantil\/producto\/import-placeholder-for-17434\/"},"modified":"2020-06-02T11:38:40","modified_gmt":"2020-06-02T09:38:40","slug":"miravaca","status":"publish","type":"product","link":"https:\/\/octaedro.com\/octaedro-infantil\/producto\/miravaca\/","title":{"rendered":"Miravaca"},"content":{"rendered":"<p>\u201cUn d\u00eda me dieron una sorpresa en el Taller. La sorpresa era una vaca. Y la dibujamos todos los ni\u00f1os del Carrau. Antes la tocamos y fue muy divertido. Entonces la subimos por la escalera y fue \u201ctope\u201d duro y nos cansamos mucho.Despu\u00e9s, en el Taller, la dibujamos m\u00e1s grande con un cart\u00f3n y un d\u00eda la dibujamos por trozos. Por Navidad la adornamos y por Sant Jordi la colocamos en la mesa, comiendo.\u201d Alberto Garc\u00eda<\/p>\n","protected":false},"excerpt":{"rendered":"<p>\u201cUn d\u00eda me dieron una sorpresa en el Taller. La sorpresa era una vaca. Y la dibujamos todos los ni\u00f1os del Carrau. Antes la tocamos y fue muy divertido. Entonces la subimos por la escalera y fue \u201ctope\u201d duro y nos cansamos mucho.Despu\u00e9s, en el Taller, la dibujamos m\u00e1s grande con un cart\u00f3n y un d\u00eda la dibujamos por trozos. Por Navidad la adornamos y por Sant Jordi la colocamos en la mesa, comiendo.\u201d Alberto Garc\u00eda<\/p>\n","protected":false},"featured_media":211,"comment_status":"open","ping_status":"closed","template":"","meta":{"_et_pb_use_builder":"","_et_pb_old_content":"","_et_gb_content_width":""},"product_brand":[],"product_cat":[19,32],"product_tag":[25],"class_list":{"0":"post-181","1":"product","2":"type-product","3":"status-publish","4":"has-post-thumbnail","6":"product_cat-editorial-octaedro","7":"product_cat-temas-de-infancia","8":"product_tag-edicion-impresa","10":"first","11":"instock","12":"shipping-taxable","13":"product-type-external"},"_links":{"self":[{"href":"https:\/\/octaedro.com\/octaedro-infantil\/wp-json\/wp\/v2\/product\/181","targetHints":{"allow":["GET"]}}],"collection":[{"href":"https:\/\/octaedro.com\/octaedro-infantil\/wp-json\/wp\/v2\/product"}],"about":[{"href":"https:\/\/octaedro.com\/octaedro-infantil\/wp-json\/wp\/v2\/types\/product"}],"replies":[{"embeddable":true,"href":"https:\/\/octaedro.com\/octaedro-infantil\/wp-json\/wp\/v2\/comments?post=181"}],"wp:featuredmedia":[{"embeddable":true,"href":"https:\/\/octaedro.com\/octaedro-infantil\/wp-json\/wp\/v2\/media\/211"}],"wp:attachment":[{"href":"https:\/\/octaedro.com\/octaedro-infantil\/wp-json\/wp\/v2\/media?parent=181"}],"wp:term":[{"taxonomy":"product_brand","embeddable":true,"href":"https:\/\/octaedro.com\/octaedro-infantil\/wp-json\/wp\/v2\/product_brand?post=181"},{"taxonomy":"product_cat","embeddable":true,"href":"https:\/\/octaedro.com\/octaedro-infantil\/wp-json\/wp\/v2\/product_cat?post=181"},{"taxonomy":"product_tag","embeddable":true,"href":"https:\/\/octaedro.com\/octaedro-infantil\/wp-json\/wp\/v2\/product_tag?post=181"}],"curies":[{"name":"wp","href":"https:\/\/api.w.org\/{rel}","templated":true}]}}