{"id":135,"date":"2020-06-02T09:37:01","date_gmt":"2020-06-02T07:37:01","guid":{"rendered":"https:\/\/octaedro.com\/octaedro-infantil\/producto\/import-placeholder-for-17397\/"},"modified":"2020-06-02T11:38:51","modified_gmt":"2020-06-02T09:38:51","slug":"complejidad-y-relaciones-en-educacion-infantil","status":"publish","type":"product","link":"https:\/\/octaedro.com\/octaedro-infantil\/producto\/complejidad-y-relaciones-en-educacion-infantil\/","title":{"rendered":"Complejidad y relaciones en educaci\u00f3n infantil"},"content":{"rendered":"<p>En este libro los autores nos invitan a pensar y a repensar la complejidad propia de los espacios educativos destinados a la peque\u00f1a infancia. Abordan el c\u00f3mo y el porqu\u00e9 de las emociones cotidianas que se manifiestan a edades muy tempranas. Nos invitan a valorar la importancia de la observaci\u00f3n como acto creativo, como herramienta fundamental para la reflexi\u00f3n, pero tambi\u00e9n para descubrir lo sutil y desvelarlo, para ir m\u00e1s all\u00e1 del hecho de mirar y para dejar un espacio lo m\u00e1s libre posible a la escucha de los ni\u00f1os.<br \/>\nLos autores nos hablan de la pareja educativa, entendida no como uno m\u00e1s uno, sino como potencialidad y complementariedad de dos personas en el hacer, el pensar y el reflexionar compartido.<br \/>\nAl considerar el juego como eje de la cultura de la infancia, los autores reflexionan acerca de esta experiencia como la principal condici\u00f3n vital de la existencia. Nos revelan as\u00ed la importancia de los lenguajes que unen ciencia y arte, que son como narraciones que ponen en escena palabras, sonidos, silencios, miradas, gestos, movimientos\u2026<\/p>\n","protected":false},"excerpt":{"rendered":"<p>En este libro los autores nos invitan a pensar y a repensar la complejidad propia de los espacios educativos destinados a la peque\u00f1a infancia. Abordan el c\u00f3mo y el porqu\u00e9 de las emociones cotidianas que se manifiestan a edades muy tempranas. Nos invitan a valorar la importancia de la observaci\u00f3n como acto creativo, como herramienta fundamental para la reflexi\u00f3n, pero tambi\u00e9n para descubrir lo sutil y desvelarlo, para ir m\u00e1s all\u00e1 del hecho de mirar y para dejar un espacio lo m\u00e1s libre posible a la escucha de los ni\u00f1os.<br \/>\nLos autores nos hablan de la pareja educativa, entendida no como uno m\u00e1s uno, sino como potencialidad y complementariedad de dos personas en el hacer, el pensar y el reflexionar compartido.<br \/>\nAl considerar el juego como eje de la cultura de la infancia, los autores reflexionan acerca de esta experiencia como la principal condici\u00f3n vital de la existencia. Nos revelan as\u00ed la importancia de los lenguajes que unen ciencia y arte, que son como narraciones que ponen en escena palabras, sonidos, silencios, miradas, gestos, movimientos\u2026<\/p>\n","protected":false},"featured_media":165,"comment_status":"open","ping_status":"closed","template":"","meta":{"_et_pb_use_builder":"","_et_pb_old_content":"","_et_gb_content_width":""},"product_brand":[],"product_cat":[19,32],"product_tag":[27],"class_list":{"0":"post-135","1":"product","2":"type-product","3":"status-publish","4":"has-post-thumbnail","6":"product_cat-editorial-octaedro","7":"product_cat-temas-de-infancia","8":"product_tag-edicion-impresa-edicion-digital-pdf","10":"first","11":"instock","12":"shipping-taxable","13":"product-type-external"},"_links":{"self":[{"href":"https:\/\/octaedro.com\/octaedro-infantil\/wp-json\/wp\/v2\/product\/135","targetHints":{"allow":["GET"]}}],"collection":[{"href":"https:\/\/octaedro.com\/octaedro-infantil\/wp-json\/wp\/v2\/product"}],"about":[{"href":"https:\/\/octaedro.com\/octaedro-infantil\/wp-json\/wp\/v2\/types\/product"}],"replies":[{"embeddable":true,"href":"https:\/\/octaedro.com\/octaedro-infantil\/wp-json\/wp\/v2\/comments?post=135"}],"wp:featuredmedia":[{"embeddable":true,"href":"https:\/\/octaedro.com\/octaedro-infantil\/wp-json\/wp\/v2\/media\/165"}],"wp:attachment":[{"href":"https:\/\/octaedro.com\/octaedro-infantil\/wp-json\/wp\/v2\/media?parent=135"}],"wp:term":[{"taxonomy":"product_brand","embeddable":true,"href":"https:\/\/octaedro.com\/octaedro-infantil\/wp-json\/wp\/v2\/product_brand?post=135"},{"taxonomy":"product_cat","embeddable":true,"href":"https:\/\/octaedro.com\/octaedro-infantil\/wp-json\/wp\/v2\/product_cat?post=135"},{"taxonomy":"product_tag","embeddable":true,"href":"https:\/\/octaedro.com\/octaedro-infantil\/wp-json\/wp\/v2\/product_tag?post=135"}],"curies":[{"name":"wp","href":"https:\/\/api.w.org\/{rel}","templated":true}]}}