{"id":129,"date":"2020-06-02T09:37:01","date_gmt":"2020-06-02T07:37:01","guid":{"rendered":"https:\/\/octaedro.com\/octaedro-infantil\/producto\/import-placeholder-for-17391\/"},"modified":"2020-06-02T11:38:54","modified_gmt":"2020-06-02T09:38:54","slug":"garabatos-teatrales","status":"publish","type":"product","link":"https:\/\/octaedro.com\/octaedro-infantil\/producto\/garabatos-teatrales\/","title":{"rendered":"Garabatos teatrales"},"content":{"rendered":"<p>Los libros de <span class=\"destacat\">Mariano Dolci<\/span> destilan la profunda y cuidada experiencia de su trabajo con ni\u00f1os en las escuelas infantiles de la ciudad italiana de Reggio Emilia; una experiencia profesional construida en equipo con las compa\u00f1eras de las escuelas, en un debate permanente entre la experimentaci\u00f3n, la reflexi\u00f3n y la teor\u00eda.<br \/>\nEl autor teje con la finura de la reflexi\u00f3n unas ideas absolutamente innovadoras sobre los ni\u00f1os y el teatro (pero el teatro con may\u00fasculas, en toda su amplitud), que han sido contrastadas con una atenta observaci\u00f3n de las acciones y las ideas que los ni\u00f1os muestran cuando descubren los alfabetos teatrales.<br \/>\nEl hilo del garabato teatral nos lleva a descubrir c\u00f3mo, desde muy peque\u00f1os, los ni\u00f1os hacen teatro. Acerca estos primeros garabatos, estos primeros alfabetos y juegos teatrales, al gran juego que el teatro ha significado en el devenir humano.<\/p>\n","protected":false},"excerpt":{"rendered":"<p>Los libros de <span class=\"destacat\">Mariano Dolci<\/span> destilan la profunda y cuidada experiencia de su trabajo con ni\u00f1os en las escuelas infantiles de la ciudad italiana de Reggio Emilia; una experiencia profesional construida en equipo con las compa\u00f1eras de las escuelas, en un debate permanente entre la experimentaci\u00f3n, la reflexi\u00f3n y la teor\u00eda.<br \/>\nEl autor teje con la finura de la reflexi\u00f3n unas ideas absolutamente innovadoras sobre los ni\u00f1os y el teatro (pero el teatro con may\u00fasculas, en toda su amplitud), que han sido contrastadas con una atenta observaci\u00f3n de las acciones y las ideas que los ni\u00f1os muestran cuando descubren los alfabetos teatrales.<br \/>\nEl hilo del garabato teatral nos lleva a descubrir c\u00f3mo, desde muy peque\u00f1os, los ni\u00f1os hacen teatro. Acerca estos primeros garabatos, estos primeros alfabetos y juegos teatrales, al gran juego que el teatro ha significado en el devenir humano.<\/p>\n","protected":false},"featured_media":159,"comment_status":"open","ping_status":"closed","template":"","meta":{"_et_pb_use_builder":"","_et_pb_old_content":"","_et_gb_content_width":""},"product_brand":[],"product_cat":[19,32],"product_tag":[25],"class_list":{"0":"post-129","1":"product","2":"type-product","3":"status-publish","4":"has-post-thumbnail","6":"product_cat-editorial-octaedro","7":"product_cat-temas-de-infancia","8":"product_tag-edicion-impresa","10":"first","11":"instock","12":"shipping-taxable","13":"product-type-external"},"_links":{"self":[{"href":"https:\/\/octaedro.com\/octaedro-infantil\/wp-json\/wp\/v2\/product\/129","targetHints":{"allow":["GET"]}}],"collection":[{"href":"https:\/\/octaedro.com\/octaedro-infantil\/wp-json\/wp\/v2\/product"}],"about":[{"href":"https:\/\/octaedro.com\/octaedro-infantil\/wp-json\/wp\/v2\/types\/product"}],"replies":[{"embeddable":true,"href":"https:\/\/octaedro.com\/octaedro-infantil\/wp-json\/wp\/v2\/comments?post=129"}],"wp:featuredmedia":[{"embeddable":true,"href":"https:\/\/octaedro.com\/octaedro-infantil\/wp-json\/wp\/v2\/media\/159"}],"wp:attachment":[{"href":"https:\/\/octaedro.com\/octaedro-infantil\/wp-json\/wp\/v2\/media?parent=129"}],"wp:term":[{"taxonomy":"product_brand","embeddable":true,"href":"https:\/\/octaedro.com\/octaedro-infantil\/wp-json\/wp\/v2\/product_brand?post=129"},{"taxonomy":"product_cat","embeddable":true,"href":"https:\/\/octaedro.com\/octaedro-infantil\/wp-json\/wp\/v2\/product_cat?post=129"},{"taxonomy":"product_tag","embeddable":true,"href":"https:\/\/octaedro.com\/octaedro-infantil\/wp-json\/wp\/v2\/product_tag?post=129"}],"curies":[{"name":"wp","href":"https:\/\/api.w.org\/{rel}","templated":true}]}}