{"id":108,"date":"2020-06-02T09:37:00","date_gmt":"2020-06-02T07:37:00","guid":{"rendered":"https:\/\/octaedro.com\/octaedro-infantil\/producto\/import-placeholder-for-17370\/"},"modified":"2020-06-02T11:57:07","modified_gmt":"2020-06-02T09:57:07","slug":"la-educacion-infantil","status":"publish","type":"product","link":"https:\/\/octaedro.com\/octaedro-infantil\/producto\/la-educacion-infantil\/","title":{"rendered":"La educaci\u00f3n infantil"},"content":{"rendered":"<p>El abanico de autores, de pensamientos y de retazos de realidad que Josep Gonz\u00e1lez-Ag\u00e0pito ha espigado y ordenado para este libro nos acercan a una parte de la historia de la educaci\u00f3n infantil. Como no pod\u00eda ser de otro modo, se trata de una selecci\u00f3n, y, aunque ser\u00eda posible hacer muchas otras, en \u00e9sta se recogen algunas voces poco conocidas, que quiz\u00e1 para algunos hasta pueden ser completamente desconocidas.Es una selecci\u00f3n hecha desde Catalu\u00f1a, una realidad hist\u00f3ricamente silenciada y, por tanto, con dificultad para dar a conocer el pensamiento y la acci\u00f3n de los pedagogos, psic\u00f3logos o maestros que han influido en nuestra realidad com\u00fan. Quiz\u00e1 esta sea una oportunidad para darlos a conocer.<\/p>\n","protected":false},"excerpt":{"rendered":"<p>El abanico de autores, de pensamientos y de retazos de realidad que Josep Gonz\u00e1lez-Ag\u00e0pito ha espigado y ordenado para este libro nos acercan a una parte de la historia de la educaci\u00f3n infantil. Como no pod\u00eda ser de otro modo, se trata de una selecci\u00f3n, y, aunque ser\u00eda posible hacer muchas otras, en \u00e9sta se recogen algunas voces poco conocidas, que quiz\u00e1 para algunos hasta pueden ser completamente desconocidas.Es una selecci\u00f3n hecha desde Catalu\u00f1a, una realidad hist\u00f3ricamente silenciada y, por tanto, con dificultad para dar a conocer el pensamiento y la acci\u00f3n de los pedagogos, psic\u00f3logos o maestros que han influido en nuestra realidad com\u00fan. Quiz\u00e1 esta sea una oportunidad para darlos a conocer.<\/p>\n","protected":false},"featured_media":138,"comment_status":"open","ping_status":"closed","template":"","meta":{"_et_pb_use_builder":"","_et_pb_old_content":"","_et_gb_content_width":""},"product_brand":[],"product_cat":[19,32],"product_tag":[25],"class_list":{"0":"post-108","1":"product","2":"type-product","3":"status-publish","4":"has-post-thumbnail","6":"product_cat-editorial-octaedro","7":"product_cat-temas-de-infancia","8":"product_tag-edicion-impresa","10":"first","11":"instock","12":"shipping-taxable","13":"product-type-external"},"_links":{"self":[{"href":"https:\/\/octaedro.com\/octaedro-infantil\/wp-json\/wp\/v2\/product\/108","targetHints":{"allow":["GET"]}}],"collection":[{"href":"https:\/\/octaedro.com\/octaedro-infantil\/wp-json\/wp\/v2\/product"}],"about":[{"href":"https:\/\/octaedro.com\/octaedro-infantil\/wp-json\/wp\/v2\/types\/product"}],"replies":[{"embeddable":true,"href":"https:\/\/octaedro.com\/octaedro-infantil\/wp-json\/wp\/v2\/comments?post=108"}],"wp:featuredmedia":[{"embeddable":true,"href":"https:\/\/octaedro.com\/octaedro-infantil\/wp-json\/wp\/v2\/media\/138"}],"wp:attachment":[{"href":"https:\/\/octaedro.com\/octaedro-infantil\/wp-json\/wp\/v2\/media?parent=108"}],"wp:term":[{"taxonomy":"product_brand","embeddable":true,"href":"https:\/\/octaedro.com\/octaedro-infantil\/wp-json\/wp\/v2\/product_brand?post=108"},{"taxonomy":"product_cat","embeddable":true,"href":"https:\/\/octaedro.com\/octaedro-infantil\/wp-json\/wp\/v2\/product_cat?post=108"},{"taxonomy":"product_tag","embeddable":true,"href":"https:\/\/octaedro.com\/octaedro-infantil\/wp-json\/wp\/v2\/product_tag?post=108"}],"curies":[{"name":"wp","href":"https:\/\/api.w.org\/{rel}","templated":true}]}}