{"id":204,"date":"2019-06-26T13:46:36","date_gmt":"2019-06-26T11:46:36","guid":{"rendered":"https:\/\/octaedro.com\/noria\/?post_type=product&#038;p=204"},"modified":"2019-06-26T13:47:13","modified_gmt":"2019-06-26T11:47:13","slug":"quiero-un-nombre","status":"publish","type":"product","link":"https:\/\/octaedro.com\/noria\/producto\/quiero-un-nombre\/","title":{"rendered":"\u00a1Quiero un nombre!"},"content":{"rendered":"<p><span class=\"destacat\">\u00a1Quiero un nombre!<\/span>\u00a0es un cuento de la Serie Sin nombre del Proyecto Noria infantil (www.wizardly-davinci.82-223-8-23.plesk.page\/noria), que re\u00fane cuentos con los que aprender pensar, entender el mundo y convivir.<br \/>\nEsta serie, dirigida a ni\u00f1os de 3 a 5 a\u00f1os, recoge historias de un ni\u00f1o que empieza a darse cuenta de varias cosas relacionadas consigo mismo y con su entorno. Las historias reflejan el di\u00e1logo interior de este ni\u00f1o sin nombre, lo que permitir\u00e1 plantearnos con las ni\u00f1as y los ni\u00f1os peque\u00f1os algunas cuestiones fundamentales como, en este caso, la importancia de tener un nombre.<\/p>\n","protected":false},"excerpt":{"rendered":"<p>\u00a1Quiero un nombre!\u00a0es un cuento de la Serie Sin nombre del Proyecto Noria infantil (www.wizardly-davinci.82-223-8-23.plesk.page\/noria), que re\u00fane cuentos con los que aprender pensar, entender el mundo y convivir. Esta serie, dirigida a ni\u00f1os de 3 a 5 a\u00f1os, recoge historias de un ni\u00f1o que empieza a darse cuenta de varias cosas relacionadas consigo mismo y [&hellip;]<\/p>\n","protected":false},"featured_media":205,"comment_status":"closed","ping_status":"closed","template":"","meta":{"_et_pb_use_builder":"","_et_pb_old_content":"","_et_gb_content_width":""},"product_brand":[],"product_cat":[17,19],"product_tag":[],"class_list":{"0":"post-204","1":"product","2":"type-product","3":"status-publish","4":"has-post-thumbnail","6":"product_cat-cuentos-para-pensar","7":"product_cat-serie-sin-nombre","9":"first","10":"instock","11":"shipping-taxable","12":"product-type-external"},"_links":{"self":[{"href":"https:\/\/octaedro.com\/noria\/wp-json\/wp\/v2\/product\/204","targetHints":{"allow":["GET"]}}],"collection":[{"href":"https:\/\/octaedro.com\/noria\/wp-json\/wp\/v2\/product"}],"about":[{"href":"https:\/\/octaedro.com\/noria\/wp-json\/wp\/v2\/types\/product"}],"replies":[{"embeddable":true,"href":"https:\/\/octaedro.com\/noria\/wp-json\/wp\/v2\/comments?post=204"}],"wp:featuredmedia":[{"embeddable":true,"href":"https:\/\/octaedro.com\/noria\/wp-json\/wp\/v2\/media\/205"}],"wp:attachment":[{"href":"https:\/\/octaedro.com\/noria\/wp-json\/wp\/v2\/media?parent=204"}],"wp:term":[{"taxonomy":"product_brand","embeddable":true,"href":"https:\/\/octaedro.com\/noria\/wp-json\/wp\/v2\/product_brand?post=204"},{"taxonomy":"product_cat","embeddable":true,"href":"https:\/\/octaedro.com\/noria\/wp-json\/wp\/v2\/product_cat?post=204"},{"taxonomy":"product_tag","embeddable":true,"href":"https:\/\/octaedro.com\/noria\/wp-json\/wp\/v2\/product_tag?post=204"}],"curies":[{"name":"wp","href":"https:\/\/api.w.org\/{rel}","templated":true}]}}