{"id":193,"date":"2019-06-26T13:34:47","date_gmt":"2019-06-26T11:34:47","guid":{"rendered":"https:\/\/octaedro.com\/noria\/?post_type=product&#038;p=193"},"modified":"2019-06-26T13:35:34","modified_gmt":"2019-06-26T11:35:34","slug":"quiero-dinero","status":"publish","type":"product","link":"https:\/\/octaedro.com\/noria\/producto\/quiero-dinero\/","title":{"rendered":"\u00a1Quiero dinero!"},"content":{"rendered":"<p><em>\u00a1Quiero dinero!<\/em>\u00a0forma parte de la serie Sin nombre del Proyecto Noria infantil (<a href=\"https:\/\/octaedro.com\/libro\/quiero-dinero\/www.wizardly-davinci.82-223-8-23.plesk.page\/noria\">\u00a0www.wizardly-davinci.82-223-8-23.plesk.page\/noria<\/a>), que re\u00fane cuentos con los que aprender a pensar, entender el mundo y convivir.<br \/>\nEsta serie, dirigida a ni\u00f1os y ni\u00f1as de 3 a 5 a\u00f1os, recoge historias de un ni\u00f1o que empieza a darse cuenta de varias cosas relacionadas consigo mismo y con su entorno. Las historias reflejan el di\u00e1logo interior, que sirve de est\u00edmulo para jugar a pensar.<br \/>\nEn este cuento pasa un d\u00eda con su abuela, quien le ayudar\u00e1 a reflexionar sobre la cuesti\u00f3n del dinero y le har\u00e1 descubrir alternativas al intercambio monetario basadas en la econom\u00eda del bien com\u00fan.<br \/>\nAl final del cuento se incluye un apartado dirigido a los adultos, donde se proponen actividades y reflexiones para tratar estas cuestiones en profundidad y de forma amena.<\/p>\n","protected":false},"excerpt":{"rendered":"<p>\u00a1Quiero dinero!\u00a0forma parte de la serie Sin nombre del Proyecto Noria infantil (\u00a0www.wizardly-davinci.82-223-8-23.plesk.page\/noria), que re\u00fane cuentos con los que aprender a pensar, entender el mundo y convivir. Esta serie, dirigida a ni\u00f1os y ni\u00f1as de 3 a 5 a\u00f1os, recoge historias de un ni\u00f1o que empieza a darse cuenta de varias cosas relacionadas consigo mismo [&hellip;]<\/p>\n","protected":false},"featured_media":194,"comment_status":"closed","ping_status":"closed","template":"","meta":{"_et_pb_use_builder":"","_et_pb_old_content":"","_et_gb_content_width":""},"product_brand":[],"product_cat":[17,19],"product_tag":[],"class_list":{"0":"post-193","1":"product","2":"type-product","3":"status-publish","4":"has-post-thumbnail","6":"product_cat-cuentos-para-pensar","7":"product_cat-serie-sin-nombre","9":"first","10":"instock","11":"shipping-taxable","12":"product-type-external"},"_links":{"self":[{"href":"https:\/\/octaedro.com\/noria\/wp-json\/wp\/v2\/product\/193","targetHints":{"allow":["GET"]}}],"collection":[{"href":"https:\/\/octaedro.com\/noria\/wp-json\/wp\/v2\/product"}],"about":[{"href":"https:\/\/octaedro.com\/noria\/wp-json\/wp\/v2\/types\/product"}],"replies":[{"embeddable":true,"href":"https:\/\/octaedro.com\/noria\/wp-json\/wp\/v2\/comments?post=193"}],"wp:featuredmedia":[{"embeddable":true,"href":"https:\/\/octaedro.com\/noria\/wp-json\/wp\/v2\/media\/194"}],"wp:attachment":[{"href":"https:\/\/octaedro.com\/noria\/wp-json\/wp\/v2\/media?parent=193"}],"wp:term":[{"taxonomy":"product_brand","embeddable":true,"href":"https:\/\/octaedro.com\/noria\/wp-json\/wp\/v2\/product_brand?post=193"},{"taxonomy":"product_cat","embeddable":true,"href":"https:\/\/octaedro.com\/noria\/wp-json\/wp\/v2\/product_cat?post=193"},{"taxonomy":"product_tag","embeddable":true,"href":"https:\/\/octaedro.com\/noria\/wp-json\/wp\/v2\/product_tag?post=193"}],"curies":[{"name":"wp","href":"https:\/\/api.w.org\/{rel}","templated":true}]}}