{"id":191,"date":"2019-06-26T13:32:45","date_gmt":"2019-06-26T11:32:45","guid":{"rendered":"https:\/\/octaedro.com\/noria\/?post_type=product&#038;p=191"},"modified":"2020-09-02T19:41:53","modified_gmt":"2020-09-02T17:41:53","slug":"pueden-volar-los-peces","status":"publish","type":"product","link":"https:\/\/octaedro.com\/noria\/producto\/pueden-volar-los-peces\/","title":{"rendered":"\u00bfPueden volar los peces?"},"content":{"rendered":"<p><em><span class=\"destacat\">\u00bfPueden volar los peces?<\/span><\/em>\u00a0es un cuento de la serie\u00a0<strong>Juanita y sus amigos<\/strong>\u00a0del\u00a0<strong>Proyecto Noria infantil<\/strong>, que re\u00fane cuentos con los que aprender a pensar, entender el mundo y convivir.<br \/>\nEsta serie, dirigida a ni\u00f1os y ni\u00f1as de 3 a 5 a\u00f1os, recoge historias de Juanita, quien, como las ni\u00f1as y los ni\u00f1os peque\u00f1os, busca el sentido del mundo mientras trata de entenderse a s\u00ed misma. En las diversas historias, se encuentra con amigos con quienes dialoga sobre estas cuestiones. En este caso, va a visitar a los peces rojos del lago, un colectivo que habla en coro y reacciona conjuntamente. Son silenciosos, tranquilos y les gusta moverse lentamente, a diferencia de la inquieta Juanita.<br \/>\nAl final del libro se incluye un apartado dirigido a los adultos que propone actividades y reflexiones para tratar algunas de las cuestiones planteadas en el cuento.<\/p>\n","protected":false},"excerpt":{"rendered":"<p>&nbsp;<\/p>\n<p>&nbsp;<\/p>\n","protected":false},"featured_media":192,"comment_status":"open","ping_status":"closed","template":"","meta":{"_et_pb_use_builder":"","_et_pb_old_content":"","_et_gb_content_width":""},"product_brand":[],"product_cat":[17,18],"product_tag":[],"class_list":{"0":"post-191","1":"product","2":"type-product","3":"status-publish","4":"has-post-thumbnail","6":"product_cat-cuentos-para-pensar","7":"product_cat-serie-juanita-y-sus-amigos","9":"first","10":"instock","11":"featured","12":"shipping-taxable","13":"product-type-external"},"_links":{"self":[{"href":"https:\/\/octaedro.com\/noria\/wp-json\/wp\/v2\/product\/191","targetHints":{"allow":["GET"]}}],"collection":[{"href":"https:\/\/octaedro.com\/noria\/wp-json\/wp\/v2\/product"}],"about":[{"href":"https:\/\/octaedro.com\/noria\/wp-json\/wp\/v2\/types\/product"}],"replies":[{"embeddable":true,"href":"https:\/\/octaedro.com\/noria\/wp-json\/wp\/v2\/comments?post=191"}],"wp:featuredmedia":[{"embeddable":true,"href":"https:\/\/octaedro.com\/noria\/wp-json\/wp\/v2\/media\/192"}],"wp:attachment":[{"href":"https:\/\/octaedro.com\/noria\/wp-json\/wp\/v2\/media?parent=191"}],"wp:term":[{"taxonomy":"product_brand","embeddable":true,"href":"https:\/\/octaedro.com\/noria\/wp-json\/wp\/v2\/product_brand?post=191"},{"taxonomy":"product_cat","embeddable":true,"href":"https:\/\/octaedro.com\/noria\/wp-json\/wp\/v2\/product_cat?post=191"},{"taxonomy":"product_tag","embeddable":true,"href":"https:\/\/octaedro.com\/noria\/wp-json\/wp\/v2\/product_tag?post=191"}],"curies":[{"name":"wp","href":"https:\/\/api.w.org\/{rel}","templated":true}]}}